 of 158 and d.
79
Suppose 2*w - 11 = -7. Suppose -21 + 7 = -w*c. Calculate the greatest common factor of c and 49.
7
Suppose -4*k - 4*o - 800 = 896, -2*k - 5*o - 833 = 0. Let m = 1005 + k. What is the greatest common factor of m and 64?
64
Suppose -3*l = a - 20, 4*a - 2*l - 3*l + 5 = 0. Suppose -a*c + 60 = 5*h, h + 5*c = 11 - 3. What is the greatest common factor of h and 143?
13
Let y = 72 + -49. Calculate the greatest common factor of y and 1449.
23
Suppose d + 331 = 4*n, 7*n + 102 = 8*n - 3*d. What is the greatest common factor of n and 1566?
27
Suppose 69*a - 95 = 50*a. Suppose o + 1124 = a*n, 62*o = 4*n + 67*o - 876. Calculate the highest common factor of n and 28.
28
Let i = -18554 - -62567. What is the highest common factor of 51 and i?
51
Suppose 0 = 4*g + z + 4, -5*g + 3*z + 3 = 8. Let w be 79 + (6/3 + -3)*g. Suppose 3*a = -2*a + 160. Calculate the greatest common factor of a and w.
16
Let p = 25754 - 25089. Calculate the greatest common divisor of 3857 and p.
133
Let m = 1597 - 1465. Suppose 2*f - k - 340 = -4*k, 0 = 4*f + k - 700. Calculate the highest common factor of m and f.
44
Suppose 4*x + 4540 = 5*k + 1124, 658 = k - 5*x. What is the highest common factor of k and 304?
16
Let l(c) = -31*c + 32. Let s be 3/6*(-18)/3. Let q be l(s). What is the highest common factor of 75 and q?
25
Let v(f) = 152*f - 220. Let i be v(2). Let h(p) = 5*p**2 + 4*p + 3. Let r be h(-3). Calculate the highest common factor of r and i.
12
Let x(y) be the second derivative of -y**4/12 - 17*y**3/6 + 3*y**2/2 - 194*y. Let t be x(-6). Calculate the highest common divisor of t and 46.
23
Suppose -12*s = -9*s + 162. Let c(l) = l**3 + 5*l**2 - 3*l + 7. Let x be c(-7). Let q = s - x. What is the highest common divisor of q and 64?
16
Suppose 2*t - 20 = 3*w - 2*w, 2*w + 36 = 2*t. Let j be -4 + w/(-6) + 2/(-3). Let g be (-11 + -3)*-1 - j. What is the greatest common divisor of g and 128?
16
Let j(s) = -78*s**3 - s**2 - 9*s + 1. Let r(w) = w**3 - 3*w - 1. Let l(c) = j(c) - 3*r(c). Let v be l(-2). Calculate the greatest common factor of v and 72.
72
Let s(h) = h**2 - 7*h + 12. Let y(u) = -5*u**2 + 34*u - 58. Let i(t) = 11*s(t) + 2*y(t). Let p be i(7). What is the greatest common factor of p and 62?
2
Suppose -3*f = -12, -4*h = f + 277 - 3501. What is the highest common factor of h and 14?
7
Let n(u) = u**2 + 2*u + 1. Let g(l) = 8*l**2 + 45*l + 15. Let r(c) = g(c) - n(c). Let i be r(-6). What is the greatest common divisor of 92 and i?
4
Suppose 4*o + c - 192853 = 0, 4*o + 22*c - 18*c - 192868 = 0. Calculate the greatest common divisor of 17 and o.
17
Let v be 0 + (1149 + -1)/4. Let g = 422 - v. Let q = -109 + 124. What is the highest common divisor of q and g?
15
Let g = -2635 - -2686. What is the highest common factor of 663 and g?
51
Suppose 0 = 17908*l - 17980*l + 52632. Suppose -g + 0*g = -86. What is the highest common divisor of g and l?
43
Suppose -16 = -9*c + 2. Suppose 0 = -3*n - 2*u + 54, c*u - 110 = -4*n - 36. What is the greatest common divisor of 160 and n?
20
Suppose -186 = -2*c - 48. Let y = 79 - c. Suppose 7 = 4*q - 1. What is the greatest common factor of y and q?
2
Suppose -30 + 51 = 7*u. Suppose 4*n + 151 = 5*o - 224, -u*o = 4*n - 225. Let c(m) = 2*m**2 - 2. Let i be c(4). Calculate the highest common divisor of o and i.
15
Let o be (28 - (-4)/2) + 4. Let l be (o/85)/((-2)/(-220)). Let g(a) = a**2 + a - 2. Let d be g(2). What is the greatest common factor of l and d?
4
Let k = 342 + -232. Suppose -3*q + 7*q - 528 = 0. Suppose 0 = l + 2*l - q. Calculate the greatest common factor of l and k.
22
Let c be 12*(-4)/6*(-1)/4. Suppose 4*l - 3*x - 273 = c*l, -3*l + 401 = 4*x. What is the highest common divisor of l and 36?
9
Let u(c) = 2*c**2 + 132*c + 4778. Let v be u(-75). What is the greatest common divisor of v and 32?
16
Let i(q) be the second derivative of q**5/20 - q**4/12 - 70*q**2 + 16*q. Let c be i(0). Let m = c - -270. What is the greatest common divisor of 10 and m?
10
Suppose -16 = 6*q - 40. Suppose 0 = -j + 5*c + 82, 127 = 3*j + q*c - 24. What is the highest common factor of 456 and j?
57
Suppose 455*i - 194852 = 38563. What is the greatest common divisor of i and 1323?
27
Suppose 0*x - 104 = -x. Let w(k) = 325*k - 1586. Let p be w(5). What is the highest common factor of p and x?
13
Let t(b) = -b**3 + 7*b**2 + 9. Let i = -3 + 28. Let l be i/4 - 9/(-12). Let z be t(l). What is the highest common factor of 99 and z?
9
Suppose -259*h - 20 = r - 255*h, 5*r = 2*h + 120. Let b be (4/5)/(4/80). What is the highest common divisor of r and b?
4
Let o = -13 - -20. Let b be (-320)/(-15) + 3 - 2/(-3). Let x = b - 18. What is the highest common factor of x and o?
7
Suppose -2*v - c + 1697 = 0, -16*v = -15*v + 7*c - 855. Calculate the greatest common divisor of v and 128.
16
Let u(p) = 1000*p - 1624. Let r(y) = 111*y - 180. Let f(d) = 28*r(d) - 3*u(d). Let j be f(6). Calculate the greatest common factor of j and 180.
60
Let p be 75 - (0 - 0)/(-4). Suppose -2*u = -5*l + 3*u + 460, 4*u + 12 = 0. Let h = -74 + l. Calculate the greatest common divisor of p and h.
15
Suppose -26*r + 12705 = -19*r. Suppose 71*t - 76*t + r = 0. Calculate the greatest common divisor of 33 and t.
33
Let y be -61*(-6 + 5) + -2. Suppose -21*j + 374 = y. What is the highest common divisor of j and 30?
15
Let h(d) = -9*d - 3. Let s be h(-6). Let q(z) = 2*z**2 + 5*z - 20. Let w be q(9). Calculate the highest common factor of s and w.
17
Suppose -2*p + 2 = 0, -4*p - p = 4*m - 317. Calculate the highest common factor of 39 and m.
39
Suppose 2*a - 66 = -n, -3*a + 54 = n - 4*a. Calculate the highest common divisor of n and 58.
58
Let d be ((-4)/(-18) - (23/(-18) + -16))*4. Calculate the highest common divisor of 1918 and d.
14
Suppose -285*d + 262*d - 136 = -1516. What is the highest common divisor of 2580 and d?
60
Let d = 9880 - 8070. Calculate the highest common factor of 70 and d.
10
Suppose 61 + 401 = 44*y + 66. Let x(f) = 6*f**2 + f - 1. Let k be x(-5). What is the highest common factor of y and k?
9
Let k be (-576)/(-27)*(1 + 5). Let a(r) = 81*r**2 - 114*r + 224. Let h be a(2). Calculate the highest common factor of k and h.
64
Let g = -5 + 11. Let u(c) = 8*c**2 - c. Let i be u(-2). Let z be (555/6)/5 - (-85)/i. Calculate the greatest common divisor of z and g.
3
Let l(h) = -h**2 + 24*h - 9. Let r be l(-6). Let i = r + 329. Calculate the highest common factor of i and 56.
28
Let q be 11/(99/63) - (1 + -88). Calculate the greatest common factor of q and 4042.
94
Suppose 2*s + 6 = 0, -18*p + 23*p + 4*s - 628 = 0. Suppose -6*u - 192 = -8*u. What is the greatest common divisor of u and p?
32
Suppose 26746 = 32*y - 29286. What is the greatest common divisor of 85 and y?
17
Let l(a) = a**3 - 10*a**2 + 7*a - 62. Let j be l(10). Let z = 100 - -563. Let b be (-3)/(-7) + z/21. What is the greatest common divisor of j and b?
8
Suppose 87*a - 10148 = a. Calculate the greatest common divisor of 11682 and a.
118
Let j be (-18)/27*(-45)/6. Suppose -349 = -j*i + 451. Calculate the highest common factor of 16 and i.
16
Let f = 558 - 789. Let z = 275 + f. Calculate the highest common divisor of 4 and z.
4
Suppose 0 = -4*l - 18 + 14. Let y(r) = -14*r**3 + r**2 + 6*r + 6. Let o be y(l). Suppose 2*p - 34 = 86. What is the highest common factor of o and p?
15
Let h(o) = 53*o - 238. Suppose 385 = 20*f - 55. Let c be h(f). Calculate the greatest common factor of 32 and c.
32
Let s = 66 + -36. Let n = 46 - 55. Let r = n + 12. What is the greatest common divisor of r and s?
3
Let w = 9552 - 9536. Let c(n) = -2*n**2 - 3*n - 1. Let g be c(-2). Let a(r) = -2*r**3 - 4*r - 2. Let d be a(g). Calculate the highest common factor of w and d.
16
Let t(v) = 16*v**2 - 9*v + 15. Let x be t(-3). Calculate the greatest common divisor of x and 144.
6
Let i(p) = -574*p - 21. Let q be i(-2). Suppose -94*k - q = -101*k. Calculate the greatest common factor of k and 46.
23
Suppose -2*b = -47 + 21. Suppose b = -7*q + 8*q. Suppose 0 = -5*m + 4*l + 92, 2*m - q = m - l. Calculate the highest common divisor of m and 32.
16
Let f be (-4 - ((-40)/(-220) - 63/44))*-4. Let n = -5 + 7. What is the greatest common factor of n and f?
1
Let h be 1825/35 + 390/(-182). What is the highest common divisor of 1825 and h?
25
Let o = -27 - 